j)?
1
Let h be (0 - 2)/((-1)/(-3)). Let x(s) = s**3 + 7*s**2 + 7*s + 9. What is x(h)?
3
Let n(h) = h**2 + 6*h + 5. Suppose 8*k - 3*k = -5*p + 45, 5*p - 4*k = 0. Let a(z) = z**3 + 0*z**2 + 4 + 2*z + 0*z**3 + p*z**2. Let r be a(-4). Give n(r).
-3
Let b(h) = -1 + 16*h**2 + 4*h**2 - 18*h**2 - 12*h**3. Give b(1).
-11
Let n(k) = -k**3 - 3*k**2 - k - 1. Suppose 3 = -0*u - u. Determine n(u).
2
Let k = -11 - -13. Let p(l) = -l**k + 3 - 3 + 1 + 8*l**3. What is p(-1)?
-8
Suppose 2 = -3*v + 8. Let w(s) = -s - 1 + v + 1. Suppose -5*h + 3*h = -h. Determine w(h).
2
Suppose 2*q - 18 + 4 = 0. Let y(g) = q - 2*g + g + 2*g. Give y(-5).
2
Let w(q) = q**2. Let b be 12/(12/3) - -2. Suppose -b*j = -0*j. Give w(j).
0
Let w(t) = t**3 - 2*t**2 + 2*t + 12. Let i(u) = u**3 - 3*u**2 + 3*u + 13. Let b = -1 + -6. Let y(r) = b*w(r) + 6*i(r). Suppose 5 = -o - 0*o. Determine y(o).
-1
Let t(v) = v**3 + v**2 - 1. Let m(x) = -4*x**3 - 4*x**2 + 2*x + 6. Let y(g) = -m(g) - 3*t(g). What is y(-3)?
-15
Let g(d) be the second derivative of d**5/20 - d**4/2 + 5*d**3/6 + 3*d**2/2 + 3*d. Suppose -2*n = 3*r + 2*n - 35, 2*r - 25 = -3*n. Give g(r).
3
Let b(p) = p**3 + 1. Let v be (-1)/2 - (-27)/6. Suppose -s = -x - 3*x - 34, 4*x + v*s = -44. Let a be 1*3/x*3. Give b(a).
0
Let u(v) = 2 + 4 + v + 4 - 9. Determine u(0).
1
Let w(m) be the first derivative of -m**3/3 - 2*m**2 + 4*m - 9. Give w(-3).
7
Let p(s) = -s**3 - 4*s**2 + 3. Let j(q) = 2*q**2 + 4*q + 1. Let g be j(-3). Suppose 4*v + g = -5. What is p(v)?
-6
Let g(j) = -j - 1. Let i(p) = -5*p - 2*p - 8*p + 16*p. Let l(b) = -2*g(b) - i(b). Determine l(2).
4
Let r(s) = -7*s + 7*s - 1 + 0 + 2*s**2 - 5*s**3. Let y = 2 + -2. Let c = 1 + y. Determine r(c).
-4
Let u(d) = d**2 - 12*d + 8. Let b(l) = 2*l**2 - 24*l + 16. Let w(f) = 3*b(f) - 5*u(f). Give w(11).
-3
Let p = -15 - -17. Let q be 133/(-21) - p/3. Let i(m) = m**3 + 6*m**2 - 7*m + 4. Calculate i(q).
4
Let f(a) = a**3 + a**2 - a - 6. Let b be -1*1 - (-1 + 0). Let i(d) = 2*d + 1. Let u(o) = -o - 1. Let x(l) = i(l) + u(l). Let t be x(b). Determine f(t).
-6
Let o(g) be the second derivative of g**3/3 - 9*g**2/2 - 3*g. What is o(7)?
5
Let j be (-4)/14 - 66/14. Let a be 1/j + (-2)/(-10). Let d(w) = w**3 + w. What is d(a)?
0
Let i(b) be the first derivative of 2*b**2 + 2*b - 15. Give i(-3).
-10
Let x = -5 - -9. Let g(d) = -2 + 0*d**2 - 2 + d**3 - 4*d + 0*d**3 - 3*d**2. What is g(x)?
-4
Suppose -13*v - 9 = -14*v. Let r(t) = -t**3 + 10*t**2 - 9*t - 6. Determine r(v).
-6
Let v(g) = -g**2 + 12*g - 16. Let f(q) = -q**2 + 13*q - 17. Let h(n) = 4*f(n) - 5*v(n). What is h(8)?
12
Let w(d) = -d**2 + 6*d - 5. Let r be w(5). Let u(n) = n**3 + n - 2. Determine u(r).
-2
Let w(s) = 3*s**2 - 5*s - 2. Let p(t) = 4*t**2 - 4*t - 1. Let y(d) = 2*p(d) - 3*w(d). Determine y(7).
4
Suppose -w - 80 = -74. Let q(y) = -y**2 - 6*y + 7. Give q(w).
7
Let w(h) = 7*h**2 - 3*h - 4. Let r(d) = d**2. Let b(u) = 6*r(u) - w(u). Let y be b(3). Let l(v) = 3 + 3*v - 4 + y. Calculate l(-3).
-6
Let l = 10 + -9. Let s(f) be the first derivative of 1/3*f**3 + 3/2*f**2 + 2*f + l. Calculate s(-3).
2
Let j(f) = -4 - 4*f + f + 1 - f**3 + f**2 + 2*f**2. Let k be 0 + (-2 + 2)/1. Suppose k = -5*b - 3*r + 21, b = 4*r - 2 - 3. Give j(b).
-12
Suppose 4*x = y + 13, 0*x + 5*x = 3*y + 11. Let b(i) = -3*i**3 - 4*i + 6*i**3 - 2*i**3 - 2*i**2 + y. What is b(2)?
-5
Let m(x) = -2*x + 2. Suppose -21 = -2*t - 2*t - 3*k, 0 = 2*t - 4*k + 6. Suppose 0 = 3*p - t + 9. Give m(p).
6
Suppose -5*q = 5*y + 10, -4*y = 5*q + 7 + 7. Let t(j) = -j**2 - 6*j - 8. What is t(q)?
-8
Let v(r) = r**3 - r**2 + 3*r**2 - 3*r**3 - 1 + 0*r**3. What is v(-1)?
3
Suppose 2*a - 7*a = 5. Let g be (a/(-3))/((-9)/(-54)). Let m(k) = k**2 - k - 3. Let d(q) = 2*q**2 - q - 6. Let f(h) = 3*d(h) - 5*m(h). Give f(g).
5
Let k(i) = i**2 - 6*i + 7. Let w be 16*(10/(-4) + 3). Give k(w).
23
Let n(u) = -16*u**3 + 36*u**2 - 19*u + 25. Let o(l) = -3*l**3 + 7*l**2 - 4*l + 5. Let g(y) = -2*n(y) + 11*o(y). Determine g(4).
-3
Suppose -6*p - 10 = -p. Let u be 2*1/(p/3). Let d(b) be the second derivative of b**3/2 + 3*b**2/2 - 2*b. Determine d(u).
-6
Let i be (-1)/(-4)*0 + 2. Let n(v) be the third derivative of -1/24*v**4 + 0*v**3 + 1/10*v**5 + 0 + 0*v - v**i. Calculate n(-1).
7
Let z(c) = c**3 + 10. Let q(i) = -i**3 - 2*i**2. Let t = 6 - 8. Let l be q(t). Determine z(l).
10
Let l be ((-14)/(-63))/((-3)/((-27)/24)). Let o(n) be the third derivative of -l*n**4 - 3*n**2 + 1/6*n**3 + 0 + 0*n. Calculate o(-1).
3
Let h(s) = 4*s**3 - s**2 - 3*s + 4. Let m(n) = 11*n**3 - 4*n**2 - 8*n + 11. Suppose r - 7 - 1 = 0. Let f(t) = r*h(t) - 3*m(t). Calculate f(3).
8
Let g(p) = p**2 + 4*p + 1. Suppose 8*x - 4*x = -4. Let a be (6/(-12))/(x/(-10)). Calculate g(a).
6
Let x(t) = -4*t**3 + t**2 - 2. Let g be x(1). Let w(u) be the first derivative of -u**2/2 - 6*u + 1. Give w(g).
-1
Let a(o) = -2*o - 1. Let q(d) = -4*d**3 - 1. Let l be q(-1). Determine a(l).
-7
Let k(c) = c**3 - 4*c**2 - 1. Let g(p) = p + 2. Let a be g(4). Suppose -w + 20 = -a*w. Let t(y) = y**2 + 3*y - 1. Let s be t(w). Calculate k(s).
-10
Let v(d) = 0 + d - 4 + 0*d. Suppose -2*w + 2*g + 4 + 2 = 0, 5 = 3*w - 5*g. What is v(w)?
1
Let p(h) = -h**2 - 11. Let a(z) = z**2 + z + 12. Let u = -1 - -3. Suppose j - 5 = -2*q + 3*q, -4*q - u = -j. Let f(b) = j*p(b) + 5*a(b). Give f(4).
-2
Let o(k) = -k**3 + 6*k**2 + 14*k + 12. Let j be o(8). Let b(c) = -c**3 - 4*c**2 + 3*c + 6. Calculate b(j).
-6
Let f be -2 - 3*8/(-12). Let k(l) = l + 9. Determine k(f).
9
Let k be (1 - 1)*(-1 + 2). Let g(c) = 4 + 4 - 10 - 2*c + 3*c. What is g(k)?
-2
Suppose -d - 4 + 0 = 0. Let n(a) be the second derivative of -a**5/60 - a**4/12 + a**3/3 + 9*a**2/2 + 2*a. Let p(y) be the first derivative of n(y). Give p(d).
-6
Let g(d) be the third derivative of -d**6/720 + d**5/120 + d**4/12 - 2*d**2. Let l(w) be the second derivative of g(w). Let a be (-18)/14 + 2/7. What is l(a)?
2
Let n be 6/4 - 12/8. Let j(b) = b - 3 - 2 + 1. Determine j(n).
-4
Let m(j) = j**2 - 3*j - 2. Let v be (-88)/72 + (-2)/(-9). Let d(r) = r. Let q(o) = v*d(o) + m(o). Calculate q(3).
-5
Suppose -24 = 2*w - 20. Let y(k) = 3*k + 3. Determine y(w).
-3
Let h(d) = 5 - 3*d + 0*d + 4*d. Suppose 8 = -4*b + 2*w, 2*b + 24 = -5*w - 4. Give h(b).
1
Let c(h) = -h**2 - 4*h. Suppose -3*u + 6 = -4*u. Determine c(u).
-12
Let i(d) = -6 + 4 + 3 + 1 + d. Suppose 0 = -3*q + q - 6. Give i(q).
-1
Let z(l) be the second derivative of l**3/6 - 7*l**2/2 - l. Let b be z(7). Suppose b = -3*k - 1 - 2. Let n(r) = 4*r**3 - r**2 + r + 1. Determine n(k).
-5
Suppose d + 3 = -2*g, -g + 2*g - 26 = 5*d. Suppose -9*k + 8 = -5*k. Let w(l) = l + 2*l - 1 + k. Determine w(g).
4
Let p(z) be the first derivative of z**2 + 4*z + 1. Let f(t) = 3*t + 6. Let k(h) = 5*f(h) - 7*p(h). Suppose 4 = 4*a + 24. What is k(a)?
-3
Suppose 0 = -2*l + 13 - 43. Let x = 27 + l. Suppose 3*d - x = -d. Let y(n) = n**2 - n + 1. Calculate y(d).
7
Let x(f) = f**2 + 6*f. Suppose 5*b = -10, 3*b + b - 492 = 5*s. Let r be ((-2)/(-5))/(4/s). Let u be (-4)/r - (-22)/(-5). What is x(u)?
-8
Let n = -2 - -5. Let z(p) = 4*p**2 + 3 - 4*p - 3*p**3 + 4*p**3 + 2*p**2 - 2*p**n. Determine z(5).
8
Let y(s) be the second derivative of -2/3*s**3 + 0 + 1/2*s**2 - 3*s. Calculate y(3).
-11
Let u(n) = 10 + 0*n - 7 + 6*n + n**2 + 2*n. Calculate u(-6).
-9
Let z(w) = -2*w**2 - 3*w + 7. Let s(t) = -t**2 - t + 3. Let q(j) = -7*s(j) + 3*z(j). Let g(b) = -b + 1. Let m be g(-1). Determine q(m).
0
Let u(a) = -a - 3. Let y(s) = -s - 3. Let x(z) = 3*u(z) - 4*y(z). Suppose 0 = -p + 5*p - g + 17, 0 = -p - 3*g + 12. Calculate x(p).
0
Suppose 5*b = -25, 0*n + 4*n - 4*b = 32. Suppose 0 = n*a - 4*c - 18, 5*a + 2*c - 3 - 1 = 0. Let r(l) = 2*l - 1 - 6*l + l. Give r(a).
-7
Let i(v) = -v**3 - 3*v**2 + 6*v + 5. Let f be 30/(-7) - (-28)/98. What is i(f)?
-3
Let b(p) = -p**2 - 2*p + 6. Let t(h) = -h**2 - h + 5. Let l(q) = -2*b(q) + 3*t(q). Let j = -1 - 3. Let k be 5 - (1*-2 - j). Give l(k).
-3
Let g(i) be the first derivative of i**2/2 + 5*i - 1. Suppose 0*b - j + 8 = b, -5*b - j = -20. Suppose -b*u - 4 - 5 = 0. Calculate g(u).
2
Let h(s) = 4*s - 2*s**3 - 7*s**2 + s + 8 + 3*s**3. Suppose 11 = y + 5*a, 0*y + 2*a + 16 = 3*y. Calculate h(y).
2
Let p be -2 + (0 - -5) + 1/1. Let s(j) = -6*j. Calculate s(p).
-24
Let c = 4 + 1. Let f(i) be the third der